s the remainder when 1073016 is divided by 64?
56
Calculate the remainder when 337414 is divided by 12.
10
What is the remainder when 462 is divided by 97?
74
What is the remainder when 1598311 is divided by 100?
11
Calculate the remainder when 1238025 is divided by 1238014.
11
Calculate the remainder when 918 is divided by 100.
18
Calculate the remainder when 64731 is divided by 372.
3
Calculate the remainder when 11336 is divided by 755.
11
Calculate the remainder when 13613 is divided by 4420.
353
Calculate the remainder when 22223 is divided by 92.
51
Calculate the remainder when 136479 is divided by 61.
22
What is the remainder when 11468 is divided by 710?
108
What is the remainder when 44852 is divided by 128?
52
Calculate the remainder when 157506 is divided by 78753.
0
What is the remainder when 882 is divided by 270?
72
What is the remainder when 44905 is divided by 169?
120
What is the remainder when 1071 is divided by 592?
479
What is the remainder when 48559 is divided by 12?
7
What is the remainder when 6878 is divided by 3?
2
Calculate the remainder when 3165 is divided by 132.
129
Calculate the remainder when 11717 is divided by 147.
104
Calculate the remainder when 6144 is divided by 1427.
436
What is the remainder when 29939 is divided by 998?
997
Calculate the remainder when 28162 is divided by 136.
10
Calculate the remainder when 48916 is divided by 234.
10
What is the remainder when 3372 is divided by 3371?
1
Calculate the remainder when 748986 is divided by 498.
492
What is the remainder when 10204 is divided by 2036?
24
Calculate the remainder when 37184 is divided by 36938.
246
What is the remainder when 49786 is divided by 17?
10
Calculate the remainder when 187624 is divided by 19.
18
Calculate the remainder when 8125 is divided by 427.
12
Calculate the remainder when 12616 is divided by 1251.
106
What is the remainder when 2555 is divided by 825?
80
Calculate the remainder when 1995326 is divided by 32.
30
What is the remainder when 1359 is divided by 50?
9
Calculate the remainder when 171777 is divided by 872.
865
Calculate the remainder when 18817 is divided by 35.
22
What is the remainder when 21573 is divided by 121?
35
What is the remainder when 778187 is divided by 259384?
35
Calculate the remainder when 576122 is divided by 18.
14
What is the remainder when 34640 is divided by 12?
8
What is the remainder when 51693 is divided by 236?
9
What is the remainder when 13551 is divided by 374?
87
Calculate the remainder when 2284 is divided by 2259.
25
Calculate the remainder when 1101 is divided by 86.
69
What is the remainder when 546526 is divided by 16?
14
Calculate the remainder when 23399 is divided by 60.
59
Calculate the remainder when 219718 is divided by 26.
18
What is the remainder when 2003 is divided by 306?
167
Calculate the remainder when 12349 is divided by 146.
85
Calculate the remainder when 637796 is divided by 1063.
1059
Calculate the remainder when 148 is divided by 27.
13
Calculate the remainder when 31158 is divided by 17.
14
What is the remainder when 10617 is divided by 10547?
70
What is the remainder when 4999 is divided by 1558?
325
Calculate the remainder when 827 is divided by 120.
107
Calculate the remainder when 10351 is divided by 201.
100
Calculate the remainder when 15805 is divided by 136.
29
What is the remainder when 70076 is divided by 70022?
54
What is the remainder when 78315 is divided by 57?
54
What is the remainder when 23486 is divided by 3903?
68
What is the remainder when 3176 is divided by 1015?
131
Calculate the remainder when 24474 is divided by 401.
13
Calculate the remainder when 112765 is divided by 537.
532
Calculate the remainder when 34642 is divided by 101.
100
Calculate the remainder when 75970 is divided by 75891.
79
Calculate the remainder when 88173 is divided by 66.
63
Calculate the remainder when 51533 is divided by 12878.
21
What is the remainder when 70177 is divided by 140?
37
Calculate the remainder when 25771 is divided by 4293.
13
Calculate the remainder when 1922 is divided by 299.
128
What is the remainder when 32542 is divided by 1712?
14
Calculate the remainder when 18413 is divided by 66.
65
Calculate the remainder when 4611 is divided by 99.
57
Calculate the remainder when 172415 is divided by 96.
95
What is the remainder when 8056 is divided by 349?
29
Calculate the remainder when 16635 is divided by 141.
138
Calculate the remainder when 39849 is divided by 324.
321
Calculate the remainder when 105193 is divided by 394.
389
Calculate the remainder when 61634 is divided by 61627.
7
What is the remainder when 19455 is divided by 414?
411
What is the remainder when 42998 is divided by 282?
134
Calculate the remainder when 2649 is divided by 262.
29
What is the remainder when 25248 is divided by 4207?
6
What is the remainder when 2449 is divided by 499?
453
Calculate the remainder when 953 is divided by 233.
21
What is the remainder when 1056 is divided by 376?
304
What is the remainder when 484646 is divided by 242316?
14
What is the remainder when 437 is divided by 48?
5
What is the remainder when 5862009 is divided by 253?
252
Calculate the remainder when 7632 is divided by 7466.
166
Calculate the remainder when 415 is divided by 122.
49
What is the remainder when 618 is divided by 604?
14
What is the remainder when 585472 is divided by 20?
12
Calculate the remainder when 341 is divided by 335.
6
What is the remainder when 101793 is divided by 499?
496
Calculate the remainder when 3750 is divided by 313.
307
Calculate the remainder when 2120 is divided by 276.
188
What is the remainder when 14869 is divided by 127?
10
Calculate the remainder when 22226 is divided by 1169.
15
Calculate the remainder when 6283 is divided by 196.
11
What is the remainder when 25192 is divided by 346?
280
Calculate the remainder when 110135 is divided by 82.
9
Calculate the remainder when 187270 is divided by 182.
174
Calculate the remainder when 598257 is divided by 60.
57
Calculate the remainder when 16046 is divided by 30.
26
Calculate the remainder when 431 is divided by 113.
92
Calculate the remainder when 7871 is divided by 380.
271
Calculate the remainder when 35018 is divided by 80.
58
Calculate the remainder when 80494 is divided by 18.
16
Calculate the remainder when 194445 is divided by 24.
21
Calculate the remainder when 25635 is divided by 8.
3
What is the remainder when 320009 is divided by 106658?
35
Calculate the remainder when 99292 is divided by 116.
112
What is the remainder when 66576 is divided by 169?
159
What is the remainder when 153563 is divided by 11?
3
What is the remainder when 11790 is divided by 3429?
1503
Calculate the remainder when 4644 is divided by 222.
204
Calculate the remainder when 102248 is divided by 1022.
48
What is the remainder when 4895 is divided by 43?
36
What is the remainder when 3819 is divided by 1156?
351
Calculate the remainder when 10838 is divided by 33.
14
Calculate the remainder when 5802 is divided by 21.
6
What is the remainder when 191769 is divided by 7?
4
What is the remainder when 8536 is divided by 31?
11
Calculate the remainder when 79695 is divided by 718.
715
Calculate the remainder when 15059 is divided by 34.
31
What is the remainder when 9463 is divided by 382?
295
Calculate the remainder when 317 is divided by 89.
50
Calculate the remainder when 185666 is divided by 19.
17
What is the remainder when 393567 is divided by 131175?
42
Calculate the remainder when 812798 is divided by 29.
15
Calculate the remainder when 607654 is divided by 24.
22
Calculate the remainder when 94706 is divided by 23.
15
Calculate the remainder when 55593 is divided by 1823.
903
Calculate the remainder when 1051740 is divided by 8.
4
What is the remainder when 10801 is divided by 2697?
13
Calculate the remainder when 2119318 is divided by 1502.
1498
Calculate the remainder when 15662 is divided by 191.
0
What is the remainder when 194059 is divided by 462?
19
What is the remainder when 26440 is divided by 118?
8
What is the remainder when 13522 is divided by 13515?
7
Calculate the remainder when 132243 is divided by 28.
27
What is the remainder when 254317 is divided by 68?
65
What is the remainder when 2353603 i